{"id":324,"date":"2015-05-21T23:22:49","date_gmt":"2015-05-21T21:22:49","guid":{"rendered":"http:\/\/www.atelier-sojus.at\/cms\/?page_id=324"},"modified":"2016-03-29T10:13:36","modified_gmt":"2016-03-29T08:13:36","slug":"paris-housing","status":"publish","type":"page","link":"http:\/\/www.atelier-sojus.at\/cms\/weitere-projekte\/paris-housing\/","title":{"rendered":"PARIS HOUSING"},"content":{"rendered":"<div class=\"fusion-sep-clear\"><\/div><div class=\"fusion-separator fusion-full-width-sep sep-none\" style=\"border-color:#e0dede;margin-left: auto;margin-right: auto;margin-top:15px;margin-bottom:15px;\"><\/div>\n<div class=\"fusion-one-half fusion-layout-column fusion-spacing-yes\" style=\"margin-top:0px;margin-bottom:20px;\"><div class=\"fusion-column-wrapper\">\n<p><strong>PARIS HOUSING<\/strong><\/p>\n<p>&nbsp;<\/p>\n<\/div><\/div>\n<div class=\"fusion-one-half fusion-layout-column fusion-column-last fusion-spacing-yes\" style=\"margin-top:0px;margin-bottom:20px;\"><div class=\"fusion-column-wrapper\">\n<p>Ein Klostergarten mitten in Paris wird teilweise f\u00fcr Wohnzwecke umgenutzt, ohne seine kontemplative Bedeutung f\u00fcr den Konvent \u00a0zu verlieren.<br \/>\nAus der Spannung zwischen der Lage inmitten eines innerst\u00e4dtischen Parks und gleichzeitiger Unber\u00fchrbarkeit dieses Klostergartens entsteht ein synthetischer, in sich abgeschlossener Wohnpark, der den Klostergarten in seiner Unber\u00fchrbarkeit erh\u00e4lt, diesen aber programmatisch f\u00fcr die Bewohner nutzbar macht.<br \/>\nTeile des Klostergartens dr\u00e4ngen in das umfunktionierte Grundst\u00fcck zur\u00fcck, gleichsam als m\u00fcsse der Park die ihm angetane Wunde schlie\u00dfen,\u00a0 dringt mit neuer, durch den baulichen Eingriff konzentrierter und geordneter Kraft in den neuen Bauk\u00f6rper vor.<br \/>\nEinzelne, dem Park entnommene Funktionen werden r\u00e4umlich differenziert in das Wohngeb\u00e4ude aufgenommen. Handlungen, die im Park ihren programmatischen Ursprung haben, werden f\u00fcr die Bewohner in Einzelbereiche aufgegliedert und nutzbar gemacht.<br \/>\nEs entsteht ein zweiter Park, der als Reaktion auf vorhandene Gegebenheiten und auf programmatische Aktionen den Ersten \u00fcberformt, diesen in mehreren Ebenen erg\u00e4nzt, ihn aber nie \u00fcberschneidet.<br \/>\nDie Symbiose aus Umfeld und Programm zeigen sich sowohl in Zusatzfunktionen f\u00fcr den gesamten Bauk\u00f6rper, wie auch in den einzelnen Wohnungszuschnitten, die verschiedenartig auf den Park reagieren. Untergeordnete streng funktionale Einheiten bilden ein separates Bediensystem im Inneren des Blocks, das flexibel angedockt werden kann, w\u00e4hrend die Wohnbereiche transparent und flie\u00dfend in das Gr\u00fcnkontinuum des Parkes \u00fcbergehen.<\/p>\n<p>.<\/div><\/div><div class=\"fusion-clearfix\"><\/div>\n","protected":false},"excerpt":{"rendered":"","protected":false},"author":2,"featured_media":0,"parent":121,"menu_order":26,"comment_status":"open","ping_status":"closed","template":"","meta":[],"_links":{"self":[{"href":"http:\/\/www.atelier-sojus.at\/cms\/wp-json\/wp\/v2\/pages\/324"}],"collection":[{"href":"http:\/\/www.atelier-sojus.at\/cms\/wp-json\/wp\/v2\/pages"}],"about":[{"href":"http:\/\/www.atelier-sojus.at\/cms\/wp-json\/wp\/v2\/types\/page"}],"author":[{"embeddable":true,"href":"http:\/\/www.atelier-sojus.at\/cms\/wp-json\/wp\/v2\/users\/2"}],"replies":[{"embeddable":true,"href":"http:\/\/www.atelier-sojus.at\/cms\/wp-json\/wp\/v2\/comments?post=324"}],"version-history":[{"count":8,"href":"http:\/\/www.atelier-sojus.at\/cms\/wp-json\/wp\/v2\/pages\/324\/revisions"}],"predecessor-version":[{"id":576,"href":"http:\/\/www.atelier-sojus.at\/cms\/wp-json\/wp\/v2\/pages\/324\/revisions\/576"}],"up":[{"embeddable":true,"href":"http:\/\/www.atelier-sojus.at\/cms\/wp-json\/wp\/v2\/pages\/121"}],"wp:attachment":[{"href":"http:\/\/www.atelier-sojus.at\/cms\/wp-json\/wp\/v2\/media?parent=324"}],"curies":[{"name":"wp","href":"https:\/\/api.w.org\/{rel}","templated":true}]}}

<div class="fusion-sep-clear"></div><div class="fusion-separator fusion-full-width-sep sep-none" style="border-color:#e0dede;margin-left: auto;margin-right: auto;margin-top:15px;margin-bottom:15px;"></div>
<div class="fusion-one-half fusion-layout-column fusion-spacing-yes" style="margin-top:0px;margin-bottom:20px;"><div class="fusion-column-wrapper">
<p><strong>PARIS HOUSING</strong></p>
<p>&nbsp;</p>
</div></div>
<div class="fusion-one-half fusion-layout-column fusion-column-last fusion-spacing-yes" style="margin-top:0px;margin-bottom:20px;"><div class="fusion-column-wrapper">
<p>Ein Klostergarten mitten in Paris wird teilweise für Wohnzwecke umgenutzt, ohne seine kontemplative Bedeutung für den Konvent  zu verlieren.<br />
Aus der Spannung zwischen der Lage inmitten eines innerstädtischen Parks und gleichzeitiger Unberührbarkeit dieses Klostergartens entsteht ein synthetischer, in sich abgeschlossener Wohnpark, der den Klostergarten in seiner Unberührbarkeit erhält, diesen aber programmatisch für die Bewohner nutzbar macht.<br />
Teile des Klostergartens drängen in das umfunktionierte Grundstück zurück, gleichsam als müsse der Park die ihm angetane Wunde schließen,  dringt mit neuer, durch den baulichen Eingriff konzentrierter und geordneter Kraft in den neuen Baukörper vor.<br />
Einzelne, dem Park entnommene Funktionen werden räumlich differenziert in das Wohngebäude aufgenommen. Handlungen, die im Park ihren programmatischen Ursprung haben, werden für die Bewohner in Einzelbereiche aufgegliedert und nutzbar gemacht.<br />
Es entsteht ein zweiter Park, der als Reaktion auf vorhandene Gegebenheiten und auf programmatische Aktionen den Ersten überformt, diesen in mehreren Ebenen ergänzt, ihn aber nie überschneidet.<br />
Die Symbiose aus Umfeld und Programm zeigen sich sowohl in Zusatzfunktionen für den gesamten Baukörper, wie auch in den einzelnen Wohnungszuschnitten, die verschiedenartig auf den Park reagieren. Untergeordnete streng funktionale Einheiten bilden ein separates Bediensystem im Inneren des Blocks, das flexibel angedockt werden kann, während die Wohnbereiche transparent und fließend in das Grünkontinuum des Parkes übergehen.</p>
<p>.</div></div><div class="fusion-clearfix"></div>
